89 composite?
True
Is 22763288791 a composite number?
True
Is 4293679469 prime?
True
Is 20060371241 prime?
False
Is 7835952331 composite?
True
Is 1528058669 a prime number?
True
Is 11923704301 a prime number?
False
Is 961828055 composite?
True
Is 5055733141 composite?
False
Is 5545942943 a prime number?
True
Is 529407205 prime?
False
Is 10754519 composite?
False
Is 3536713099 a composite number?
True
Is 62403697 a prime number?
True
Is 1681449887 prime?
False
Is 14539603927 a composite number?
True
Is 1867003031 a prime number?
True
Is 6870406007 a composite number?
True
Is 40782058159 a composite number?
True
Is 101289533183 a composite number?
False
Is 5667346727 a prime number?
False
Is 41058849835 a prime number?
False
Is 20856531769 a prime number?
True
Is 28740781799 a prime number?
True
Is 5148443701 composite?
True
Is 41326692091 composite?
False
Is 121857939431 composite?
False
Is 554595461 a composite number?
True
Is 433567402 a composite number?
True
Is 436309249 prime?
False
Is 2129801 prime?
False
Is 34496699723 composite?
True
Is 282684343 a composite number?
True
Is 6581510603 a prime number?
False
Is 9132388489 composite?
True
Is 14808221837 a composite number?
False
Is 301980131 prime?
False
Is 12602359217 composite?
True
Is 3604788753 a prime number?
False
Is 5085455933 composite?
False
Is 10240806779 prime?
False
Is 131532677137 composite?
False
Is 817361591 composite?
True
Is 20070290573 a prime number?
False
Is 243402971 prime?
False
Is 43232764147 a composite number?
False
Is 80707324367 a composite number?
True
Is 326262019 a prime number?
False
Is 1662497621 composite?
False
Is 7680451651 a composite number?
False
Is 794169953 prime?
True
Is 6626072009 composite?
True
Is 22397791501 prime?
False
Is 27043797226 composite?
True
Is 790751963 prime?
False
Is 104884882321 a prime number?
False
Is 5383268411 prime?
True
Is 3261919873 a prime number?
True
Is 85988861557 prime?
False
Is 11359687133 a prime number?
True
Is 17382000227 a prime number?
True
Is 67263311 a prime number?
False
Is 1020421669 prime?
True
Is 16646129899 a prime number?
False
Is 1139519263 a composite number?
False
Is 2635439549 prime?
False
Is 20082277823 composite?
False
Is 9821191573 composite?
False
Is 169891771739 a prime number?
False
Is 198158083 a composite number?
False
Is 410518919 prime?
False
Is 963818759 composite?
False
Is 11417670203 prime?
False
Is 253674172649 a prime number?
False
Is 6262992767 prime?
True
Is 155548499 prime?
False
Is 44727189641 a prime number?
True
Is 13006050415 a prime number?
False
Is 12454341811 a prime number?
True
Is 15295405793 prime?
True
Is 772915049 composite?
False
Is 260820401 a prime number?
False
Is 6201968119 composite?
True
Is 5084808977 a prime number?
False
Is 3155821811 a prime number?
True
Is 7344225953 a composite number?
True
Is 988621597 prime?
False
Is 211923569393 prime?
True
Is 95161912961 a prime number?
False
Is 31770561353 prime?
True
Is 19101306973 prime?
False
Is 39426028133 a composite number?
False
Is 265881103 prime?
True
Is 2718429691 composite?
True
Is 1140994663 composite?
False
Is 20872384373 prime?
True
Is 54768283487 a prime number?
True
Is 10837506109 composite?
False
Is 13686600751 prime?
False
Is 4730633881 composite?
False
Is 22906267553 a composite number?
True
Is 46668190061 a prime number?
True
Is 486442753 a composite number?
True
Is 45653407 prime?
True
Is 3242220901 a prime number?
False
Is 6631006841 composite?
True
Is 1851218453 prime?
False
Is 53298206759 a composite number?
True
Is 19745463883 composite?
True
Is 30393556009 composite?
False
Is 2076897113 a prime number?
True
Is 64603529603 a prime number?
True
Is 87792090005 a composite number?
True
Is 8716671415 composite?
True
Is 266912273 prime?
True
Is 208622335 prime?
False
Is 176205947 a prime number?
False
Is 2072914511 composite?
False
Is 1038140767 composite?
True
Is 189623029 prime?
False
Is 2366022541 composite?
False
Is 157207199 prime?
True
Is 3356326891 a composite number?
True
Is 407181223 composite?
False
Is 189538823 composite?
False
Is 2813376841 prime?
False
Is 2494790023 prime?
False
Is 77542707023 composite?
False
Is 678286891 prime?
True
Is 1025196593 prime?
False
Is 24162086623 composite?
False
Is 6325652591 composite?
True
Is 15867805477 prime?
False
Is 14972279323 prime?
True
Is 320169133 composite?
True
Is 1640812177 a composite number?
True
Is 154865612299 prime?
True
Is 34208736019 a composite number?
False
Is 21795785783 composite?
True
Is 6506167179 a prime number?
False
Is 884760901 a composite number?
True
Is 3206257979 prime?
True
Is 10935620337 composite?
True
Is 1164568567 composite?
True
Is 1177178831 prime?
True
Is 809550941 composite?
True
Is 29294255323 prime?
False
Is 39973254829 composite?
True
Is 8392867447 prime?
True
Is 1146330733 a composite number?
False
Is 713509141 prime?
True
Is 2676793381 prime?
False
Is 3991561339 composite?
True
Is 202495865837 a prime number?
False
Is 2846468503 a prime number?
True
Is 31157081899 a composite number?
True
Is 19337754323 prime?
True
Is 1114711219 a prime number?
True
Is 9503596541 a composite number?
False
Is 9309491 composite?
False
Is 168374511893 composite?
True
Is 85636175573 composite?
True
Is 568341493 prime?
False
Is 16693461973 composite?
False
Is 5246514274 composite?
True
Is 1012889311 a composite number?
True
Is 183355122877 prime?
True
Is 27228433199 a prime number?
False
Is 618204701 prime?
True
Is 73917817867 a prime number?
False
Is 547408769 prime?
True
Is 8477156477 a composite number?
False
Is 130644414487 composite?
False
Is 14255651549 prime?
False
Is 288367873 a prime number?
True
Is 1792723687 prime?
False
Is 3636642283 a composite number?
False
Is 47300041 a composite number?
False
Is 91948293319 prime?
True
Is 60880640333 a composite number?
False
Is 8541106501 composite?
False
Is 15272391149 a prime number?
False
Is 4111190041 a composite number?
True
Is 1389414181 a prime number?
True
Is 1272311879 composite?
False
Is 3304944499 composite?
False
Is 41719537609 a prime number?
False
Is 4750315249 a prime number?
True
Is 163026797 composite?
False
Is 872371601 prime?
True
Is 120190510889 composite?
False
Is 139851119 a composite number?
False
Is 1088514059 a prime number?
False
Is 764384477 prime?
True
Is 6714617771 prime?
True
Is 71247315829 prime?
False
Is 39234822153 prime?
False
Is 181412223157 a prime number?
False
Is 30683342731 prime?
True
Is 25975720937 a composite number?
True
Is 10801154489 a prime number?
False
Is 5856410591 composite?
True
Is 217698071 a composite number?
True
Is 4947219919 a prime number?
True
Is 5894544697 prime?
True
Is 182955276643 a prime number?
True
Is 10146146537 composite?
False
Is 36507928481 a composite number?
False
Is 19236095497 a prime number?
False
Is 6720705503 composite?
False
Is 86177733073 prime?
False
Is 19951134613 prime?
True
Is 24978317311 prime?
False
Is 7309378579 prime?
True
Is 93753796973 a composite number?
True
Is 6402866933 prime?
False
Is 1627683463 composite?
True
Is 73232384257 a prime number?
False
Is 255074683 composite?
True
Is 31334780957 a prime number?
True
Is 27485448833 composite?
True
Is 16589161955 a composite number?
True
Is 315530211 prime?
False
Is 21544983659 a prime number?
False
Is 543417241 composite?
True
Is 333512161 a composite number?
True
Is 337569047 composite?
False
Is 402593971 a prime number?
False
Is 2263264747 prime?
False
Is 9419632141 composite?
False
Is 43331084131 a prime number?
False
Is 1519645867 composite?
False
Is 208460197 a prime number?
False
Is 666353321 a composite number?
False
Is 4155432353 composite?
False
Is 133666513273 a composite number?
False
Is 118599185513 a prime number?
True
Is 3280203847 a prime number?
False
Is 1730309587 prime?
False
Is 6959996471 a composite number?
False
Is 3168976549 a prime number?
True
Is 2613124973 prime?
True
Is 578000869 a composite number?
False
Is 8532238601 composite?
False
Is 295324369 composite?
True
Is 15986515667 composite?
True
Is 31175581 prime?
True
Is 12363781237 composite?
True
Is 125508469 composite?
True
Is 15627089539 a composite number?
True
Is 547890073 a prime number?
True
Is 512774303 a composite number?
False
Is 39967004069 prime?
True
Is 2